.
48
Calculate the remainder when 421 is divided by 105.
1
Calculate the remainder when 5146 is divided by 883.
731
What is the remainder when 21110 is divided by 364?
362
What is the remainder when 142259 is divided by 118?
69
Calculate the remainder when 288156 is divided by 65.
11
Calculate the remainder when 3995 is divided by 77.
68
What is the remainder when 48600 is divided by 347?
20
Calculate the remainder when 13544 is divided by 3382.
16
Calculate the remainder when 7173 is divided by 394.
81
Calculate the remainder when 5201 is divided by 1118.
729
Calculate the remainder when 107308 is divided by 294.
292
Calculate the remainder when 201189 is divided by 28740.
9
What is the remainder when 8065 is divided by 8011?
54
What is the remainder when 6728 is divided by 127?
124
What is the remainder when 2918 is divided by 30?
8
Calculate the remainder when 49285 is divided by 1637.
175
Calculate the remainder when 18781 is divided by 10.
1
What is the remainder when 83087 is divided by 4887?
8
What is the remainder when 8825 is divided by 200?
25
What is the remainder when 3311 is divided by 47?
21
What is the remainder when 149504 is divided by 59?
57
What is the remainder when 445 is divided by 34?
3
What is the remainder when 21194 is divided by 706?
14
Calculate the remainder when 3335 is divided by 148.
79
Calculate the remainder when 34753 is divided by 105.
103
Calculate the remainder when 32509 is divided by 32492.
17
Calculate the remainder when 740 is divided by 323.
94
Calculate the remainder when 709 is divided by 37.
6
What is the remainder when 4416 is divided by 1079?
100
Calculate the remainder when 34758 is divided by 11.
9
Calculate the remainder when 3860 is divided by 1597.
666
Calculate the remainder when 6141 is divided by 120.
21
Calculate the remainder when 3869 is divided by 352.
349
What is the remainder when 26013 is divided by 401?
349
What is the remainder when 5697 is divided by 298?
35
What is the remainder when 17230 is divided by 1156?
1046
What is the remainder when 164 is divided by 121?
43
Calculate the remainder when 7719 is divided by 2552.
63
What is the remainder when 824 is divided by 596?
228
What is the remainder when 1070296 is divided by 582?
580
What is the remainder when 269 is divided by 229?
40
What is the remainder when 96841 is divided by 32?
9
What is the remainder when 5181 is divided by 219?
144
Calculate the remainder when 98858 is divided by 25.
8
Calculate the remainder when 74982 is divided by 91.
89
Calculate the remainder when 10107 is divided by 3192.
531
Calculate the remainder when 61183 is divided by 340.
323
Calculate the remainder when 2307 is divided by 232.
219
Calculate the remainder when 1332 is divided by 289.
176
Calculate the remainder when 1205 is divided by 381.
62
Calculate the remainder when 84250 is divided by 860.
830
Calculate the remainder when 508932 is divided by 6283.
9
What is the remainder when 39609 is divided by 9899?
13
What is the remainder when 45564 is divided by 309?
141
What is the remainder when 32003 is divided by 84?
83
What is the remainder when 30457 is divided by 49?
28
What is the remainder when 5816 is divided by 4564?
1252
Calculate the remainder when 3414 is divided by 188.
30
Calculate the remainder when 5541 is divided by 1101.
36
Calculate the remainder when 216671 is divided by 444.
443
What is the remainder when 4107 is divided by 1308?
183
What is the remainder when 1896 is divided by 34?
26
What is the remainder when 246934 is divided by 2655?
19
What is the remainder when 208015 is divided by 586?
571
Calculate the remainder when 5171067 is divided by 194.
191
What is the remainder when 48534 is divided by 24261?
12
Calculate the remainder when 7320 is divided by 489.
474
What is the remainder when 1016 is divided by 128?
120
What is the remainder when 11882 is divided by 11047?
835
Calculate the remainder when 8378 is divided by 162.
116
Calculate the remainder when 201546 is divided by 65.
46
Calculate the remainder when 13176 is divided by 4387.
15
Calculate the remainder when 3448 is divided by 688.
8
Calculate the remainder when 171406 is divided by 57135.
1
Calculate the remainder when 1487 is divided by 60.
47
What is the remainder when 22417 is divided by 8?
1
What is the remainder when 753479 is divided by 299?
298
What is the remainder when 25170 is divided by 83?
21
Calculate the remainder when 9633 is divided by 66.
63
What is the remainder when 4899 is divided by 1633?
0
Calculate the remainder when 27261 is divided by 1014.
897
Calculate the remainder when 3054 is divided by 1010.
24
Calculate the remainder when 194150 is divided by 32355.
20
Calculate the remainder when 3678 is divided by 1713.
252
What is the remainder when 12060301 is divided by 631?
629
Calculate the remainder when 422156 is divided by 220.
196
What is the remainder when 28771 is divided by 3183?
124
What is the remainder when 2754477 is divided by 499?
496
What is the remainder when 14752 is divided by 99?
1
What is the remainder when 293118 is divided by 97703?
9
Calculate the remainder when 41836 is divided by 20.
16
Calculate the remainder when 199190 is divided by 66393.
11
What is the remainder when 10823 is divided by 1079?
33
Calculate the remainder when 1135 is divided by 628.
507
Calculate the remainder when 884542 is divided by 68.
66
What is the remainder when 252 is divided by 35?
7
What is the remainder when 368639 is divided by 480?
479
What is the remainder when 678763 is divided by 13?
7
Calculate the remainder when 17219 is divided by 782.
15
Calculate the remainder when 40144 is divided by 40044.
100
Calculate the remainder when 11161 is divided by 7.
3
Calculate the remainder when 12595 is divided by 12575.
20
What is the remainder when 564 is divided by 101?
59
What is the remainder when 2058699 is divided by 17?
16
Calculate the remainder when 2890086 is divided by 410.
406
Calculate the remainder when 166742 is divided by 4168.
22
Calculate the remainder when 12489 is divided by 4159.
12
What is the remainder when 1305 is divided by 386?
147
Calculate the remainder when 170861 is divided by 22.
9
Calculate the remainder when 5839 is divided by 292.
291
Calculate the remainder when 5186665 is divided by 158.
157
What is the remainder when 182724 is divided by 866?
864
Calculate the remainder when 34120 is divided by 2622.
34
What is the remainder when 619799 is divided by 7?
5
Calculate the remainder when 564 is divided by 45.
24
Calculate the remainder when 15515 is divided by 267.
29
Calculate the remainder when 13333 is divided by 6656.
21
What is the remainder when 3250 is divided by 493?
292
What is the remainder when 294551 is divided by 31?
20
What is the remainder when 4102 is divided by 34?
22
What is the remainder when 5968 is divided by 252?
172
What is the remainder when 58729 is divided by 10?
9
What is the remainder when 3443 is divided by 314?
303
What is the remainder when 15744 is divided by 69?
12
What is the remainder when 20973 is divided by 1497?
15
Calculate the remainder when 2558 is divided by 24.
14
Calculate the remainder when 11226 is divided by 7.
5
Calculate the remainder when 104 is divided by 37.
30
What is the remainder when 4612 is divided by 1512?
76
Calculate the remainder when 840943 is divided by 105.
103
Calculate the remainder when 1778 is divided by 352.
18
What is the remainder when 3559644 is divided by 221?
218
Calculate the remainder when 30258 is divided by 1578.
276
Calculate the remainder when 792454 is divided by 386.
382
What is the remainder when 1549 is divided by 408?
325
Calculate the remainder when 3966 is divided by 144.
78
Calculate the remainder when 3579 is divided by 251.
65
Calculate the remainder when 1248 is divided by 97.
84
Calculate the remainder when 309 is divided by 21.
15
Calculate the remainder when 16919 is divided by 971.
412
Calculate the remainder when 7783 is divided by 1550.
33
Calculate the remainder when 144995 is divided by 97.
77
Calculate the remainder when 767 is divided by 716.
51
Calculate the remainder when 1632415 is divided by 575.
565
What is the remainder when 441385 is divided by 134?
123
Calculate the remainder when 11228 is d